g - 4*y. Let t(z) = z**3 + 4*z**2 - 72. Calculate t(g).
-72
Let o(d) = 4*d**2 - 3*d**2 + 0*d**2 - 2 - 9*d. Let f be o(8). Let u(l) = 0*l**2 + 369962*l + l**2 - 369952*l. What is u(f)?
0
Let v(c) = 2*c + 33. Let o be v(-11). Suppose 0 = -14*a + o*a + 9. Suppose -i + 4 = 4*k - a*k, -2*k + 2*i = 0. Let r(p) = -p**2 + 3*p - 3. Calculate r(k).
-1
Let r(n) = -32*n**2 - 127*n + 6. Let f be r(-4). Let j(a) = 3*a**2 + a + 1. What is j(f)?
15
Let u be (-6)/14 - (-202)/14. Let n be 65/7 - ((-38)/u - -3). Let c(k) = -n + 3 + 9 - 6*k. Give c(4).
-21
Let d = -251 + 259. Suppose d*l = -118 + 54. Let s(k) = -k**2 - 10*k - 9. Calculate s(l).
7
Let q(f) = -f**2 + 16*f - 3. Let p(j) = j**3 - 9*j**2 + 18*j + 14. Let s be p(8). Suppose -s = -8*y + 34. Calculate q(y).
-3
Let p(x) = -43*x**2 + 3*x + 3. Suppose -8*t + k + 3 = -5*t, 3*t + 5*k = -33. Give p(t).
-43
Let j(s) be the second derivative of 20*s**3/3 - 199*s**2/2 - 5*s + 18. Calculate j(5).
1
Suppose -x + 3*l = 5 - 17, -2*x + 3*l = -12. Let q(n) = 7*n + x*n - 2*n + 1. Suppose 27*f + 32 = 23*f, 4*b + 4 = -f. Give q(b).
6
Let m(q) = -11*q - 7. Let j(d) be the second derivative of 13*d**3/6 + 4*d**2 + 2*d + 2. Let n(s) = 5*j(s) + 6*m(s). Calculate n(4).
-6
Let l(f) = f**3 + 60*f**2 + 23*f - 4. Let m(q) = -3*q**3 - 191*q**2 - 68*q + 11. Let n(s) = -13*l(s) - 4*m(s). Determine n(-14).
-6
Let q(a) be the third derivative of -a**9/60480 + a**8/2520 - a**7/720 + a**6/80 - 17*a**5/12 + 49*a**2. Let k(p) be the third derivative of q(p). What is k(7)?
9
Let q(a) be the second derivative of -a**7/2520 - a**6/144 + 23*a**4/4 + 6*a + 3. Let i(k) be the third derivative of q(k). Determine i(-6).
-6
Let t(k) = 6*k**2 + 42*k + 3. Suppose 0 = 34*d + 6185 - 5947. Determine t(d).
3
Let q(a) = -36*a**3 + 6*a**2 + 7*a - 3. Let x(j) = 7*j**3 - j - 1. Let g(o) = -q(o) - 5*x(o). Let y be 3*((-4)/(-1))/2. Give g(y).
-4
Let a(v) be the third derivative of v**4/24 + 4*v**3/3 + 2*v**2. Let s = 1519 - 1519. Calculate a(s).
8
Let x(p) = p**2 + 17*p - 16. Let m(t) = 9*t + 64. Suppose -56*r + 29*r = 243. Let y be m(r). Give x(y).
-16
Let f be -346 + 341 + 0 + (1 - 2). Let h(t) = 4*t - 8 + 7*t**2 + 2*t + 2*t**3 - t**3 + 0*t**3. Calculate h(f).
-8
Let l(o) be the third derivative of -o**6/180 + 3*o**5/40 + 7*o**4/8 - o**3/2 + o**2 + 2*o. Let r(n) be the second derivative of l(n). Give r(7).
-19
Let g(l) = l**2 + 6*l + 5. Let q be g(-7). Let u(r) be the first derivative of -2*r**3/3 + 23*r**2/2 + 6*r + 45704. Determine u(q).
-6
Let b(x) = -46*x + 87. Let c(s) = -13*s + 8. Let q(f) = b(f) - 6*c(f). What is q(0)?
39
Suppose -3*z = 3*j - 12, 2*j + 10*z - 7 = 9*z. Let f(m) = 13*m - 38. Give f(j).
1
Let b(d) = -d - 2. Suppose 0 = 3*y - 4*s - 20, y - 4*s + 1 = 5. Suppose -135 = y*j + 19*j. Determine b(j).
3
Let b(n) = -n**2 + 63*n - 334. Let o be b(6). Let c(u) = 2*u**3 - 15*u**2 - 6*u + 4. What is c(o)?
20
Let c = -112677 - -112683. Let n(y) be the second derivative of y**3/6 - 3*y**2/2 + y. What is n(c)?
3
Let p = 54 - 50. Suppose -p*x = 12, -x + 57 = 4*j + j. Let d(m) = 9*m - 13 + j - 5*m. Determine d(4).
15
Let n(i) = -21 + 20*i + 144*i**2 - 88*i + 46*i - 145*i**2. What is n(-21)?
0
Let t(f) = 8*f + 2. Let y(w) = 41*w + 10. Suppose -17*x = -9*x - 16. Let s(q) = x*y(q) - 11*t(q). What is s(3)?
-20
Let k(f) = 7*f - 23. Let t(c) = 41*c - 120. Let u(s) = 11*k(s) - 2*t(s). What is u(-5)?
12
Let r(l) = -7*l**3 - 28*l**2 + 4. Let y(x) = -x**3 - 4*x**2 - 1. Let j(h) = -r(h) + 6*y(h). Give j(-3).
-1
Suppose -598 - 1794 = 26*d. Let r = -93 - d. Let a(m) = m**3 + 1. Calculate a(r).
0
Let z(p) = -1 - 10*p + p**3 - 2 - 22*p**2 - 9 + 8 + 13*p**2. Calculate z(9).
-94
Suppose 26*m - 29*m - 6 = 0. Let d(q) = 4*q - 7 - q**3 - 2*q**2 + 12 - 2. Determine d(m).
-5
Let s(z) = 14*z + 9. Let y(i) = 2. Let q(l) = s(l) - 5*y(l). Suppose -2*c + 2 = 2*c - 2*f, -11 = -4*c - f. Determine q(c).
27
Let m(r) = -3 - 3*r + r + 95*r**2 - 4*r**3 - 93*r**2 - 1 + 0*r. Calculate m(-1).
4
Let x(b) = 451*b**3 + 3*b**2 - 26*b + 1. Let u(n) = 282*n**3 + 2*n**2 - 17*n + 1. Let d(l) = -8*u(l) + 5*x(l). Determine d(-3).
-3
Let n(b) = -353*b**3 + 4*b**2 - 13. Let o(d) = -161*d**3 + 2*d**2 - 6. Let x(l) = 5*n(l) - 11*o(l). Calculate x(-1).
-7
Let r(z) = -1487*z + 20 + z**2 + 1480*z - 38. What is r(8)?
-10
Let w(s) = -7*s**3 - 49*s**2 + 3*s + 3. Let h(m) = m**3 + 9*m**2 + m - 1. Let o(x) = -6*h(x) - w(x). Calculate o(6).
-15
Let c(a) = a**2 + 16*a + 5. Suppose 32 = 5*d + 2*j + 105, -5*j - 70 = 5*d. Give c(d).
-10
Let r be -6 + 45/30*2. Let h(f) = -2*f**2 + 8*f + 15. Calculate h(r).
-27
Let i be (2/4)/((-27)/(-162))*1. Let a(p) = -40*p**3 - 6*p**2 + 0*p - i + 18*p**3 - 2*p + p + 21*p**3. Let d(h) = h - 4. Let j be d(0). Calculate a(j).
-31
Let u(s) = 291*s - 25. Let x be u(4). Let f(q) = 1 + x*q + 1139*q - 2277*q. Give f(-8).
-7
Let k(h) = -7*h**3 + 5*h**2 + h + 9. Let f(u) = 12*u**3 - 9*u**2 - u - 16. Let i(q) = 3*f(q) + 5*k(q). Determine i(3).
12
Let i(b) = b**2 - 74*b + 6. Let l(a) = -a**2 + 66*a - 5. Let r(v) = 8*i(v) + 9*l(v). Give r(-5).
-32
Let y(v) = 1913*v - 1909*v + 17 + 34 - 1. What is y(-13)?
-2
Let x(z) = 4*z + 3. Suppose -3179 = 16*a + 773. Let l = a - -241. Determine x(l).
-21
Let u(g) = -g - 1. Let y(p) be the second derivative of -p**3/6 + 7*p**2 + 29*p. Let d be y(9). Suppose d*f = -f - 18. What is u(f)?
2
Let x(k) = -k**2 + 25*k - 95. Let t be (-3 + 7)/(32/144) + 1/1. Calculate x(t).
19
Let g(l) = -l**3 - 19*l**2 - 15*l + 20. Let z be g(-18). Let c = z + 37. Suppose c = -5*s - 2, -s + 5 = m. Let w(u) = -u - 2. Determine w(m).
-8
Let z(d) = -4*d + 2 - 1 - 2*d**2 + d**2. Let m(t) be the third derivative of t**5/60 - 7*t**4/24 + 7*t**3/6 + 2*t**2 - 84. Let b be m(4). Determine z(b).
-4
Let z(o) = -o + 1 - 9*o + 1. Let c be (-74)/111*(7/((-14)/(-8)) - 7). Calculate z(c).
-18
Let l(u) = -4*u + 16. Let f be l(4). Let q(o) = -3*o**2 + o - 15. What is q(f)?
-15
Let h = -35136 + 35138. Let j(v) = 12*v - 4. Give j(h).
20
Suppose 0 = 4*q, -2*j - q - 1 = -j. Let i(n) be the second derivative of -11*n**5/10 - n**2/2 - 196886*n - 1. What is i(j)?
21
Let j(z) = z**3 - 11*z**2 + 16*z - 63. Suppose 58 = 45*w - 392. Give j(w).
-3
Let r(h) = h**3 - 83*h**2 - 170*h + 21. Let n be r(85). Let u(q) = 4*q - 34. Give u(n).
50
Let m(b) = -b**2 - 8*b - 13. Let l be m(-3). Let x be -10 + -3 + 6 - (l - 2). Let r(y) be the second derivative of y**3/3 + 5*y**2/2 - 2*y. Calculate r(x).
-9
Suppose -2*c - 29 = 3*m, -6 = 2*c + c - 3*m. Let b = 49 + -41. Let x(f) = -3 - 4*f - b + 19 + 5*f. Determine x(c).
1
Let p(t) = -13*t - 87. Let l = -15284 - -15277. Calculate p(l).
4
Let r(a) = -2*a**2 - 3*a - 11. Let g be (-15)/(-10)*(-40)/(-12). Let m(s) = -s**2 - s - 6. Let v(w) = g*m(w) - 3*r(w). Suppose 4*f + 8 + 12 = 0. What is v(f)?
8
Let w(n) be the third derivative of -n**4/12 + 6*n**2 - 1. Suppose -4*o - 2*o = -84. Suppose 0 = -9*b + o*b - 30. Give w(b).
-12
Let s(i) = -i**2 + i + 2. Let f = -1 + 1. Suppose -2*p - 5*a + 7 = -9, 2*p + 2*a - 10 = f. Let l be 20/(-15)*p/2. Calculate s(l).
-4
Suppose 525*n - 529*n + 12 = 0. Let f(r) = n + 3163*r - 1 - 3152*r. Determine f(1).
13
Let k be (51/(-153))/((-1)/(-9)). Let n(a) = 4*a + 1. Let f(q) = 3*q + 1. Let w be (-1)/(2/(-4)*1). Let j(u) = k*f(u) + w*n(u). Calculate j(3).
-4
Suppose 180 = 1023*n - 1019*n. Suppose n = -62*x + 53*x. Let m(g) = -2*g**2 - 11*g + 4. What is m(x)?
9
Let m(i) = 97182 - 48568 - 4*i - 48596. What is m(9)?
-18
Let v(q) = -2*q**2 - 1. Let u be v(-1). Let w(k) be the third derivative of 0 + 3*k**2 + 1/60*k**5 - 1/6*k**3 + 0*k**4 - k. Calculate w(u).
8
Suppose -19 = -6*j + 11. Suppose -l + 5 = 4*b - 13, 5*b - 10 = j*l. Let v(i) = -i - 6*i**2 + 5 - 3 + 7*i**l. Give v(0).
2
Let t(s) be the second derivative of -s**3/2 + 5*s**2 + 2*s + 228. What is t(-3)?
19
Let q(o) = o**3 - 9*o**2 + 8*o - 4. Let f = -115 + 156. Let t = f + -33. Give q(t).
-4
Suppose -2*h = -5*h. Let c be 2/(-4)*h/4. Let i(f) = 5 - 3*f**2 + c - f**3 - 4 + 5*f + 0. Give i(-4).
-3
Let z(v) = -2*v**3 + 10 + 76940*v**2 - 153888*v**2 + 2*v + 76940*v**2. What is z(-4)?
2
Let f(z) = z**2 + 1. Let u be f(-3). Let x(g) = 2*g - g - 8 - 101 + 108. Determine x(u).
9
Let f(h) be the third derivative of h**6/240 + h**5/60 - h**4/24 - 3*h**2. Let p(u) be the second derivative of f(u). Let o = 54